{"id":2,"date":"2017-01-28T14:25:24","date_gmt":"2017-01-28T13:25:24","guid":{"rendered":"http:\/\/localhost\/wordpress\/?page_id=2"},"modified":"2021-02-14T17:04:35","modified_gmt":"2021-02-14T16:04:35","slug":"page-d-exemple","status":"publish","type":"page","link":"https:\/\/fiep-ifpe.org\/index.php\/page-d-exemple\/","title":{"rendered":"Statuts et R\u00e8glement Int\u00e9rieur"},"content":{"rendered":"<p>Fond\u00e9e le 24 avril 1964 sous le nom de F\u00e9d\u00e9ration internationale des \u00e9coles de parents et d\u2019\u00e9ducateurs, le nom actuel \u00ab\u00a0F\u00e9d\u00e9ration Internationale pour l\u2019Education des Parents\u00a0\u00bb a \u00e9t\u00e9 adopt\u00e9 en 1965.<\/p>\n<p style=\"text-align: center;\"><strong><u>STATUTS<\/u><\/strong><br \/>\n<strong><em>1965<\/em><\/strong><\/p>\n<h4 style=\"text-align: justify;\"><strong>Article Ier \u2013 D\u00e9finition<\/strong><\/h4>\n<p style=\"text-align: justify;\">La F\u00e9d\u00e9ration Internationale pour l&rsquo;Education des Parents est une organisation internationale non gouvernementale de dur\u00e9e illimit\u00e9e, libre de tout lien politique, racial ou confessionnel.<\/p>\n<p style=\"text-align: justify;\"><strong>Article II \u2013 Buts de la F\u00e9d\u00e9ration<\/strong><\/p>\n<p style=\"text-align: justify;\">La F\u00e9d\u00e9ration a pour buts :<\/p>\n<ol style=\"text-align: justify;\">\n<li style=\"list-style-type: none;\">\n<ul style=\"text-align: justify;\">\n<li style=\"padding-left: 30px;\">L&rsquo;\u00e9tude en commun des probl\u00e8mes pos\u00e9s aux diverses civilisations par l&rsquo;adaptation de la vie, des relations et de l&rsquo;\u00e9ducation familiales \u00e0 l&rsquo;\u00e9volution rapide des id\u00e9es et des conditions d&rsquo;existence.L&rsquo;adaptation aux besoins des diff\u00e9rents pays de m\u00e9thodes exp\u00e9riment\u00e9es par les Ecoles de Parents et les autres organismes qui s&rsquo;occupent d&rsquo;\u00e9ducation familiale en vue d&rsquo;informer et d&rsquo;aider les parents dans leur t\u00e2che \u00e9ducative.<\/li>\n<li style=\"padding-left: 30px;\">La recherche, l&rsquo;\u00e9tude et la confrontation des principes et m\u00e9thodes d&rsquo;une \u00e9ducation familiale dans le cadre d&rsquo;une \u00e9ducation permanente concernant les enfants, les jeunes et les adultes, sur le plan de la formation, de la maturation personnelle et des relations sociales.<\/li>\n<li style=\"padding-left: 30px;\">L&rsquo;orientation de cette \u00e9ducation vers le d\u00e9veloppement d&rsquo;un esprit de compr\u00e9hension, de coop\u00e9ration et de paix internationales susceptible de diriger l&rsquo;utilisation en commun des progr\u00e8s scientifiques et techniques vers des objectifs constructifs et d&rsquo;int\u00e9r\u00eat universel.<\/li>\n<li style=\"padding-left: 30px;\">La coordination des efforts des Ecoles de Parents et institutions similaires avec les grandes organisations internationales et non gouvernementales.<\/li>\n<\/ul>\n<\/li>\n<\/ol>\n<h4 style=\"text-align: justify;\"><strong>Article III \u2013 Moyens d&rsquo;action<\/strong><\/h4>\n<ol style=\"text-align: justify;\">\n<li style=\"list-style-type: none;\">\n<ul style=\"text-align: justify;\">\n<li style=\"padding-left: 30px;\">Grouper les Ecoles de Parents et toutes les institutions dont l&rsquo;activit\u00e9 vise des buts analogues et favoriser la cr\u00e9ation d&rsquo;\u00c9coles de Parents nouvelles.<\/li>\n<li style=\"padding-left: 30px;\">Organiser entre leurs repr\u00e9sentants des contacts r\u00e9guliers susceptibles de coordonner leur action au moyen de r\u00e9unions et bulletins de liaison.<\/li>\n<li style=\"padding-left: 30px;\">Organiser des \u00e9tudes, recherches, colloques, s\u00e9minaires, groupant dans un cadre universel ou r\u00e9gional des experts et des repr\u00e9sentants des populations de divers pays.<\/li>\n<li style=\"padding-left: 30px;\">Organiser ou aider la formation d&rsquo;\u00e9ducateurs de parents et d\u00e9velopper dans les secteurs les plus vari\u00e9s la formation en psychop\u00e9dagogie familiale et sociale.<\/li>\n<li style=\"padding-left: 30px;\">Produire des mat\u00e9riaux \u00e9ducatifs utilisables sur un plan international, tels que films, disques, \u00e9missions t\u00e9l\u00e9vis\u00e9es, dessins, photographies, etc \u2026<\/li>\n<li style=\"padding-left: 30px;\">Organiser la diffusion des r\u00e9sultats obtenus par la voie des publications de tous moyens audio- visuels et d&rsquo;expositions itin\u00e9rantes.<\/li>\n<\/ul>\n<\/li>\n<\/ol>\n<h4 style=\"text-align: justify;\"><strong>Article IV \u2013 Composition de la F\u00e9d\u00e9ration<\/strong><\/h4>\n<p style=\"text-align: justify;\">La F\u00e9d\u00e9ration est compos\u00e9e de divers membres actifs qui sont des associations ou des institutions acceptant les buts ci-dessus d\u00e9finis et adh\u00e9rants aux pr\u00e9sents statuts, ainsi que les personnalit\u00e9s agr\u00e9\u00e9es par l&rsquo;Assembl\u00e9e G\u00e9n\u00e9rale sur proposition du Conseil d&rsquo;Administration.<\/p>\n<p style=\"text-align: justify;\">Les comit\u00e9s nationaux groupant dans un m\u00eame pays de tels organismes peuvent \u00e9galement \u00eatre membres actifs de la F\u00e9d\u00e9ration apr\u00e8s s&rsquo;\u00eatre mis d&rsquo;accord avec celle-ci sur le mode de participation effective de leurs membres avec la F\u00e9d\u00e9ration Internationale.<\/p>\n<p style=\"text-align: justify;\">Les organismes d\u00e9sireux de devenir membres actifs, en font la demande au Conseil d&rsquo;Administration qui a qualit\u00e9 pour d\u00e9cider de leur admission en fonction de leurs statuts et de leur activit\u00e9.<\/p>\n<p style=\"text-align: justify;\">L&rsquo;exclusion d&rsquo;un membre de l&rsquo;Association peut \u00eatre prononc\u00e9e par le Conseil d&rsquo;Administration, sauf recours \u00e0 l&rsquo;Assembl\u00e9e G\u00e9n\u00e9rale, s&rsquo;il est reconnu qu&rsquo;il ne remplit plus les dites conditions ou pour refus du paiement des cotisations.<\/p>\n<p style=\"text-align: justify;\">Des membres d&rsquo;honneur peuvent \u00eatre nomm\u00e9s par le Conseil d&rsquo;administration pour services sp\u00e9ciaux rendus \u00e0 la F\u00e9d\u00e9ration y compris les versements de cotisations annuelles importantes, les cotisations pouvant \u00eatre imm\u00e9diatement rachet\u00e9es. Les membres d&rsquo;honneur peuvent \u00eatre des personnes physiques ou des personnes morales. Ils peuvent \u00eatre \u00e9galement des Gouvernements ou des services publics. Ils ne prennent pas part aux votes dans les Assembl\u00e9es.<\/p>\n<p style=\"text-align: justify;\">Des membres adh\u00e9rents peuvent \u00eatre agr\u00e9\u00e9s par l&rsquo;Assembl\u00e9e G\u00e9n\u00e9rale sur proposition du Conseil d&rsquo;Administration, sur leur demande, en raison de l&rsquo;int\u00e9r\u00eat qu&rsquo;ils portent \u00e0 la F\u00e9d\u00e9ration. Ils sont convoqu\u00e9s \u00e0 l&rsquo;Assembl\u00e9e de la F\u00e9d\u00e9ration et sont inform\u00e9s de ses travaux mais n&rsquo;exercent pas le droit de vote.<\/p>\n<h4 style=\"text-align: justify;\"><strong>Article V \u2013 Ressources<\/strong><\/h4>\n<p style=\"text-align: justify;\"><strong><em>Les ressources de la F\u00e9d\u00e9ration proviennent\u00a0:<\/em><\/strong><\/p>\n<ol style=\"text-align: justify;\">\n<li style=\"list-style-type: none;\">\n<ul style=\"text-align: justify;\">\n<li style=\"padding-left: 30px;\">Des cotisations vers\u00e9es par les membres de la F\u00e9d\u00e9ration dont le montant est fix\u00e9 p\u00e9riodiquement par l&rsquo;Assembl\u00e9e G\u00e9n\u00e9rale sur proposition du Conseil d&rsquo;Administration.<\/li>\n<li style=\"padding-left: 30px;\">Des subventions, aides et revenus de toutes natures, conformes aux r\u00e8glements en vigueur.<\/li>\n<\/ul>\n<\/li>\n<\/ol>\n<h4 style=\"text-align: justify;\"><strong>Article VI \u2013 Assembl\u00e9e G\u00e9n\u00e9rale<\/strong><\/h4>\n<p style=\"text-align: justify;\">L&rsquo;Assembl\u00e9e G\u00e9n\u00e9rale est constitu\u00e9e par l&rsquo;ensemble des membres de la F\u00e9d\u00e9ration. Elle approuve chaque ann\u00e9e, \u00e0 la majorit\u00e9 simple, le rapport moral, les comptes, le projet de budget pr\u00e9sent\u00e9s par le Conseil d&rsquo;Administration, d\u00e9finit l&rsquo;orientation g\u00e9n\u00e9rale de l&rsquo;activit\u00e9 de la F\u00e9d\u00e9ration. Elle \u00e9lit le Conseil d&rsquo;Administration.<\/p>\n<p style=\"text-align: justify;\">Elle statue \u00e0 la majorit\u00e9 des deux-tiers sur toute modification des statuts ou sur la dissolution de la F\u00e9d\u00e9ration, et, en cas de dissolution, sur la d\u00e9volution des fonds, si la moiti\u00e9 des membres actifs sont pr\u00e9sents ou repr\u00e9sent\u00e9s.<\/p>\n<p style=\"text-align: justify;\">Chaque membre de la F\u00e9d\u00e9ration dispose d&rsquo;une voix \u00e0 l&rsquo;Assembl\u00e9e G\u00e9n\u00e9rale. Cependant, les membres appartenant \u00e0 un m\u00eame pays ne pourront disposer ensemble que d&rsquo;un maximum de 5 voix. Si plus de cinq membres d&rsquo;un m\u00eame pays sont pr\u00e9sents \u00e0 l&rsquo;Assembl\u00e9e, il leur appartiendra de s&rsquo;entretenir entre eux avant chaque r\u00e9union pour la r\u00e9partition de ces voix, faute de quoi leurs voix seraient consid\u00e9r\u00e9es comme nulles.<\/p>\n<p style=\"text-align: justify;\">Chaque membre actif fera conna\u00eetre au Secr\u00e9tariat de la F\u00e9d\u00e9ration le nom de la personne habilit\u00e9e pour le repr\u00e9senter \u00e0 l&rsquo;Assembl\u00e9e G\u00e9n\u00e9rale. L&rsquo;Assembl\u00e9e G\u00e9n\u00e9rale ordinaire se r\u00e9unit une fois par an sur convocation adress\u00e9e par le Conseil d&rsquo;Administration au moins deux mois avant la date de la r\u00e9union. Une Assembl\u00e9e G\u00e9n\u00e9rale extraordinaire peut \u00eatre convoqu\u00e9e si plus de la moiti\u00e9 des membres le demande.<\/p>\n<h4 style=\"text-align: justify;\"><strong>Article VII \u2013 Conseil d&rsquo;Administration<\/strong><\/h4>\n<p style=\"text-align: justify;\">Le Conseil d&rsquo;Administration est \u00e9lu par l&rsquo;Assembl\u00e9e G\u00e9n\u00e9rale.<\/p>\n<p style=\"text-align: justify;\">Les administrateurs sont \u00e9lus pour trois ans, le tiers du Conseil \u00e9tant r\u00e9\u00e9lu chaque ann\u00e9e. Autant que possible, le Conseil d&rsquo;Administration doit refl\u00e9ter la repr\u00e9sentation g\u00e9ographique existant au sein de l&rsquo;Assembl\u00e9e G\u00e9n\u00e9rale.<\/p>\n<p style=\"text-align: justify;\">Le Conseil d&rsquo;Administration comprend 36 membres. En outre, le Conseil pourra nommer \u00e9galement pour trois ans, par cooptation, un maximum de huit membres choisis parmi les personnes ayant une exp\u00e9rience de l&rsquo;\u00e9ducation des parents.<\/p>\n<p style=\"text-align: justify;\">Le conseil d&rsquo;Administration \u00e9lit chaque ann\u00e9e un Bureau compos\u00e9 de 7 \u00e0 9 membres\u00a0: un Pr\u00e9sident, deux Vice-Pr\u00e9sidents, un Tr\u00e9sorier, un Secr\u00e9taire et deux \u00e0 quatre assesseurs.<\/p>\n<p style=\"text-align: justify;\">Le Conseil d&rsquo;Administration si\u00e8ge au moins deux fois par an. Un administrateur peut se faire repr\u00e9senter aux s\u00e9ances. Les d\u00e9lib\u00e9rations ne sont valables que si un tiers au moins des membres est pr\u00e9sent.<\/p>\n<h4 style=\"text-align: justify;\"><strong>Article VIII \u2013 Fonctionnement<\/strong><\/h4>\n<p style=\"text-align: justify;\">Le Conseil d&rsquo;Administration d\u00e9terminera l&rsquo;activit\u00e9 de la F\u00e9d\u00e9ration en fonction des directives de l&rsquo;Assembl\u00e9e G\u00e9n\u00e9rale. Il d\u00e9cide du programme des travaux \u00e0 engager par la F\u00e9d\u00e9ration. Il arr\u00eate le rapport et les comptes pr\u00e9sent\u00e9s \u00e0 l&rsquo;Assembl\u00e9e G\u00e9n\u00e9rale dont il fixe l&rsquo;ordre du jour.<\/p>\n<p style=\"text-align: justify;\">Le Pr\u00e9sident, assist\u00e9 du Bureau, r\u00e9uni au moins une fois chaque trimestre, a la responsabilit\u00e9 de la Direction et de l&rsquo;Administration de la F\u00e9d\u00e9ration. A cet effet, il nomme, avec l&rsquo;assentiment du Bureau, un secr\u00e9taire g\u00e9n\u00e9ral, auquel ils d\u00e9l\u00e8guent, apr\u00e8s la p\u00e9riode probatoire, les pouvoirs n\u00e9cessaires pour assurer le bon fonctionnement de la F\u00e9d\u00e9ration.<\/p>\n<p style=\"text-align: justify;\">Le Bureau pr\u00e9pare les programmes de travail \u00e0 soumettre au Conseil d&rsquo;Administration et en assure l&rsquo;ex\u00e9cution. Il pr\u00e9pare le rapport moral et financier et les pr\u00e9sente au Conseil d&rsquo;Administration.<\/p>\n<p style=\"text-align: justify;\">En attendant la nomination du secr\u00e9taire g\u00e9n\u00e9ral ou en l&rsquo;absence de celui-ci, le Pr\u00e9sident assure personnellement la direction de la F\u00e9d\u00e9ration en se faisant assister, s&rsquo;il y a lieu, d&rsquo;un ou de plusieurs membres du Bureau ou du Conseil d&rsquo;Administration.<\/p>\n<h4 style=\"text-align: justify;\"><strong>Article IX \u2013 R\u00e8glement Int\u00e9rieur<\/strong><\/h4>\n<p style=\"text-align: justify;\">Le conseil d&rsquo;Administration \u00e9tablira un r\u00e8glement int\u00e9rieur pr\u00e9cisant certaines modalit\u00e9s de fonctionnement et en rendra compte \u00e0 l&rsquo;Assembl\u00e9e.<\/p>\n<h4 style=\"text-align: justify;\"><strong>Article X \u2013 Si\u00e8ge de la F\u00e9d\u00e9ration<\/strong><\/h4>\n<p style=\"text-align: justify;\">Le si\u00e8ge de la F\u00e9d\u00e9ration est provisoirement situ\u00e9 dans les bureaux du Centre International d&rsquo;Etudes P\u00e9dagogiques de S\u00e8vres (Hauts de Seine). Adresse\u00a0: 1, Avenue L\u00e9on Journault. Le si\u00e8ge pourra \u00eatre transf\u00e9r\u00e9 par d\u00e9cision de l&rsquo;Assembl\u00e9e G\u00e9n\u00e9rale.<\/p>\n<p>&nbsp;<\/p>\n<p style=\"text-align: center;\"><strong><u>REGLEMENT INTERIEUR<\/u><\/strong><br \/>\n<strong><em>2013<\/em><\/strong><\/p>\n<p>Etabli conform\u00e9ment \u00e0 l\u2019article IX des statuts de la FIEP, le r\u00e8glement int\u00e9rieur (RI) par le Conseil d\u2019administration (CA) du 26 janvier 2013, a \u00e9t\u00e9 pr\u00e9sent\u00e9 \u00e0 l\u2019Assembl\u00e9e G\u00e9n\u00e9rale (AG) du 23 avril 2013 qui l\u2019a adopt\u00e9 \u00e0 l\u2019unanimit\u00e9.<\/p>\n<p><strong>Ce RI pr\u00e9cise certaines modalit\u00e9s de fonctionnement de la FIEP en pr\u00e9voyant\u00a0: <\/strong><strong>\u00a0<\/strong><\/p>\n<ol>\n<li style=\"list-style-type: none;\">\n<ul>\n<li>L\u2019annulation de l\u2019AG annuelle et de Journ\u00e9e d\u2019Etudes ou autres \u00e9v\u00e8nements, en raison notamment de difficult\u00e9s internes et\/ou d\u2019un contexte g\u00e9opolitique, de climat social national ou international perturb\u00e9s.<\/li>\n<li>La tenue d\u2019une AG obligatoire tous les trois ans, correspondant \u00e0 l\u2019expiration du mandat de 3 ans des membres du CA et des membres du Bureau<\/li>\n<li>La possibilit\u00e9 pour les administrateurs de participer au CA, et \u00e0 titre exceptionnel aux AG, via skype, sauf toutefois lors de l\u2019AG obligatoire.<\/li>\n<li>La tenue d\u2019un registre sp\u00e9cial par le (la) Pr\u00e9sident(e) assist\u00e9(e) du (de la) Secr\u00e9taire G\u00e9n\u00e9ral(e) consignant les CR des r\u00e9unions FIEP et les documents comptables, \u00e0 compter de 2010, ainsi qu\u2019un exemplaire des statuts et du pr\u00e9sent RI.<\/li>\n<li>La possibilit\u00e9 de modifier et de compl\u00e9ter ce RI par le ou la Pr\u00e9sident(e) assist\u00e9(e) du Bureau qui en informera le CA aux fins de validation de tout \u00e9l\u00e9ment nouveau qui devra \u00eatre pr\u00e9sent\u00e9 \u00e0 l\u2019AG et port\u00e9 \u00e0 la connaissance de tous les adh\u00e9rents.<\/li>\n<\/ul>\n<\/li>\n<\/ol>\n","protected":false},"excerpt":{"rendered":"<p>Fond\u00e9e le 24 avril 1964 sous le nom de F\u00e9d\u00e9ration internationale des \u00e9coles de parents et d\u2019\u00e9ducateurs, le nom actuel \u00ab\u00a0F\u00e9d\u00e9ration Internationale pour l\u2019Education des Parents\u00a0\u00bb a \u00e9t\u00e9 adopt\u00e9 en 1965. STATUTS 1965 Article Ier \u2013 D\u00e9finition La F\u00e9d\u00e9ration Internationale pour l&rsquo;Education des Parents est une organisation internationale non gouvernementale de dur\u00e9e illimit\u00e9e, libre de\u2026 <span class=\"read-more\"><a href=\"https:\/\/fiep-ifpe.org\/index.php\/page-d-exemple\/\">Lire la suite &raquo;<\/a><\/span><\/p>\n","protected":false},"author":1,"featured_media":0,"parent":0,"menu_order":0,"comment_status":"closed","ping_status":"open","template":"","meta":[],"_links":{"self":[{"href":"https:\/\/fiep-ifpe.org\/index.php\/wp-json\/wp\/v2\/pages\/2"}],"collection":[{"href":"https:\/\/fiep-ifpe.org\/index.php\/wp-json\/wp\/v2\/pages"}],"about":[{"href":"https:\/\/fiep-ifpe.org\/index.php\/wp-json\/wp\/v2\/types\/page"}],"author":[{"embeddable":true,"href":"https:\/\/fiep-ifpe.org\/index.php\/wp-json\/wp\/v2\/users\/1"}],"replies":[{"embeddable":true,"href":"https:\/\/fiep-ifpe.org\/index.php\/wp-json\/wp\/v2\/comments?post=2"}],"version-history":[{"count":1,"href":"https:\/\/fiep-ifpe.org\/index.php\/wp-json\/wp\/v2\/pages\/2\/revisions"}],"predecessor-version":[{"id":370,"href":"https:\/\/fiep-ifpe.org\/index.php\/wp-json\/wp\/v2\/pages\/2\/revisions\/370"}],"wp:attachment":[{"href":"https:\/\/fiep-ifpe.org\/index.php\/wp-json\/wp\/v2\/media?parent=2"}],"curies":[{"name":"wp","href":"https:\/\/api.w.org\/{rel}","templated":true}]}}