{"id":7,"date":"2017-01-28T14:44:40","date_gmt":"2017-01-28T13:44:40","guid":{"rendered":"http:\/\/localhost\/wordpress\/?page_id=7"},"modified":"2022-12-23T10:24:44","modified_gmt":"2022-12-23T09:24:44","slug":"accueil","status":"publish","type":"page","link":"https:\/\/fiep-ifpe.org\/","title":{"rendered":"Accueil"},"content":{"rendered":"<p style=\"color: #16a2e7;\" text-align=\"justify;\"><em>La FIEP s\u2019est r\u00e9unie en Assembl\u00e9e G\u00e9n\u00e9rale \u00e0 S\u00e8vres les 25 et 26 novembre 2022 et a proc\u00e9d\u00e9 \u00e0 l\u2019\u00e9lection de son Conseil d\u2019Administration et de son Bureau.<\/em><\/strong><br \/>\n<em>Les communications relatives \u00e0 ces \u00e9lections seront publi\u00e9es ult\u00e9rieurement, lors de la r\u00e9actualisation de son site.<\/em><\/strong><\/p>\n<table width=\"604\" cellspacing=\"0\" cellpadding=\"7\">\n<colgroup>\n<col width=\"287\">\n<col width=\"287\"> <\/colgroup>\n<tbody>\n<tr valign=\"top\">\n<td bgcolor=\"#ffffff\" width=\"287\">\n<p class=\"western\"><span style=\"color: #000000;\"><b>Qu\u2019est-ce que la FIEP&nbsp;?<\/b><\/span><\/p>\n<\/td>\n<td bgcolor=\"#ffffff\" width=\"287\">\n<p class=\"western\"><span style=\"color: #000000;\"><span lang=\"en-GB\"><b>What is IFPE? <\/b><\/span><\/span><\/p>\n<\/td>\n<\/tr>\n<tr valign=\"top\">\n<td bgcolor=\"#ffffff\" width=\"287\">\n<p class=\"western\" style=\"text-align: justify;\"><span style=\"color: #000000;\">Fond\u00e9e \u00e0 S\u00e8vres (France) le 24 avril 1964, par Monsieur Andr\u00e9 ISAMBERT, le Docteur BERGE, le Professeur KLINEBERG sous l\u2019appellation F\u00e9d\u00e9ration Internationale des Ecoles de Parents et d&rsquo;\u00e9ducateurs elle choisira sous l\u2019impulsion de Monsieur Jean AUBA de s\u2019appeler ensuite F\u00e9d\u00e9ration Internationale pour l&rsquo;Education des Parents, en conservant son logo d\u2019origine FIEP.<br \/>\n<\/span><\/p>\n<p class=\"western\" style=\"text-align: justify;\"><span style=\"color: #000000;\">C\u2019est une Organisation Internationale Non Gouvernementale (OING), libre de tout lien politique, racial ou confessionnel.<br \/>\n<\/span><\/p>\n<p class=\"western\" style=\"text-align: justify;\"><span style=\"color: #000000;\">Elle souhaite maintenir des relations op\u00e9rationnelles avec l\u2019Organisation des Nations Unies pour l\u2019Education, la Science et la Culture (UNESCO), son statut participatif aupr\u00e8s du Conseil de l\u2019Europe, ainsi que son statut Consultatif aupr\u00e8s de l\u2019UNICEF, du Conseil Economique et Social de l\u2019Organisation des Nations Unies (ECOSOC), et enfin rester membre de l\u2019Organisation Internationale de la Francophonie (OIF) et de l\u2019Organisation non gouvernementale (ONG) Committee on the Familly (Autriche).<br \/>\n<\/span><\/p>\n<p class=\"western\" style=\"text-align: justify;\"><span style=\"color: #000000;\">Elle est membre du comit\u00e9 de pilotage d\u2019un Collectif Agir Ensemble pour les Droits de l\u2019Enfant (AEDE) qui regroupe pr\u00e8s d\u2019une soixantaine d\u2019organisations de la soci\u00e9t\u00e9 civile travaillant dans tous les domaines de l\u2019enfance et de la famille.<br \/>\n<\/span><\/p>\n<p class=\"western\" style=\"text-align: justify;\"><span style=\"color: #000000;\">Se voulant \u00eatre un carrefour de recherches, d\u2019\u00e9tudes, d\u2019\u00e9changes, dans tout ce qui touche l\u2019accompagnement des parents et des \u00e9ducateurs dans leur mission \u00e9ducative, elle souhaite f\u00e9d\u00e9rer des associations, des organisations et des membres individuels de diff\u00e9rents pays ayant les m\u00eames objectifs.&nbsp;<\/span><\/p>\n<\/td>\n<td bgcolor=\"#ffffff\" width=\"287\">\n<p class=\"western\" style=\"text-align: justify;\"><span style=\"color: #000000;\"><span lang=\"en-GB\">Founded in S\u00e8vres (France) on April 24<\/span><sup><span lang=\"en-GB\">th<\/span><\/sup><span lang=\"en-GB\"> 1964, by Mr Andr\u00e9 ISAMBERT, Dr BERGE, and Professor KLINEBERG under the name International Federation of Schools of Parents and Educators, it later chose at the instigation of Mr Jean AUBA to be called The International Federation for Parenting Education, retaining its original FIEP logo.<\/span><\/span><\/p>\n<p class=\"western\" style=\"text-align: justify;\"><span style=\"color: #000000;\"><span lang=\"en-GB\">It is an International Non-Governmental Organisation (NGO), free from any political, racial or religious link.<\/span><\/span><\/p>\n<p class=\"western\" style=\"text-align: justify;\"><span style=\"color: #000000;\"><span lang=\"en-GB\">It maintains operational relations with the United Nations Educational, Scientific and Cultural Organization (UNESCO), participatory status with the Council of Europe and consultative status with UNICEF; with the Economic and Social Council of the United Nations (ECOSOC), and finally, it remains a member of the International Francophone Organisation (OIF) and the non-governmental organization, Committee on the Family (Austria).<\/span><\/span><\/p>\n<p class=\"western\" style=\"text-align: justify;\"><span style=\"color: #000000;\"><span lang=\"en-GB\">IFPE is a member of the steering committee of a Collective, Act Together for the Rights of the Child (ATRC) which brings together some sixty civil society organisations working in all fields of childhood and family.<\/span><\/span><\/p>\n<p class=\"western\" style=\"text-align: justify;\"><span style=\"color: #000000;\"><span lang=\"en-GB\">Aiming to be a crossroads of research, study and exchange in all that concerns the support of parents and parenting educators in their educational mission, it wishes to bring together associations, organisations and individual members in different countries with the same targets. <\/span><\/span><\/p>\n<\/td>\n<\/tr>\n<tr valign=\"top\">\n<td bgcolor=\"#ffffff\" width=\"287\">\n<p class=\"western\"><span style=\"color: #000000;\"><b>Comment fonctionne-t-elle ?<\/b><\/span><\/p>\n<\/td>\n<td bgcolor=\"#ffffff\" width=\"287\">\n<p class=\"western\"><span style=\"color: #000000;\"><span lang=\"en-GB\"><b>How does it work?<\/b><\/span><\/span><\/p>\n<\/td>\n<\/tr>\n<tr valign=\"top\">\n<td bgcolor=\"#ffffff\" width=\"287\">\n<p class=\"western\" style=\"text-align: justify;\"><span style=\"color: #000000;\">Un r\u00e8glement int\u00e9rieur adopt\u00e9 en 2013 a permis d\u2019assouplir son fonctionnement interne bloqu\u00e9 par des statuts qui, datant de 1965, grippaient souvent les rouages d\u2019une vie associative en qu\u00eate de dynamisme et de visibilit\u00e9. Ces statuts et r\u00e8glement int\u00e9rieur pourront \u00eatre consult\u00e9s sur le site FIEP d\u00e8s la fin de sa restructuration et de sa r\u00e9novation.<\/span><\/p>\n<\/td>\n<td bgcolor=\"#ffffff\" width=\"287\">\n<p class=\"western\" style=\"text-align: justify;\"><span style=\"color: #000000;\"><span lang=\"en-GB\">Internal rules adopted in 2013 made it possible to create a more flexible the internal structure, which had been hampered by statutes dating back to 1965; these often slowed the wheels of an organisation in search of dynamism and visibility. These statutes and rules may be consulted on the FIEP website when the restructuring and renovation is complete.<\/span><\/span><\/p>\n<\/td>\n<\/tr>\n<tr valign=\"top\">\n<td bgcolor=\"#ffffff\" width=\"287\">\n<p class=\"western\"><span style=\"color: #000000;\"><b>Comment y adh\u00e9rer ?<\/b>&nbsp;<\/span><\/p>\n<\/td>\n<td bgcolor=\"#ffffff\" width=\"287\">\n<p class=\"western\"><span style=\"color: #000000;\"><span lang=\"en-GB\"><b>How to join?<\/b><\/span><\/span><\/p>\n<\/td>\n<\/tr>\n<tr valign=\"top\">\n<td bgcolor=\"#ffffff\" width=\"287\">\n<p class=\"western\" style=\"text-align: justify;\"><span style=\"color: #000000;\">Pour les personnes physiques, par le versement d\u2019une cotisation annuelle de 30 euros.<\/span><br \/>\n<span style=\"color: #000000;\"> Pour les personnes morales, par le versement d\u2019une cotisation annuelle de 100 euros.<\/span><br \/>\n<span style=\"color: #000000;\"> Pour les \u00e9tudiants, par le versement d\u2019une cotisation annuelle de 15 euros.<\/span><\/p>\n<\/td>\n<td bgcolor=\"#ffffff\" width=\"287\">\n<p class=\"western\" style=\"text-align: justify;\"><span style=\"color: #000000;\"><span lang=\"en-GB\">For individuals, on payment of an annual subscription of 30 Euros.<\/span><\/span><\/p>\n<p class=\"western\" style=\"text-align: justify;\"><span style=\"color: #000000;\"><span lang=\"en-GB\">For legal entities on payment of an annual subscription of 100 Euros,<\/span><\/span><\/p>\n<p class=\"western\" style=\"text-align: justify;\"><span style=\"color: #000000;\"><span lang=\"en-GB\">For students on receipt of an annual subscription, currently 15 Euros.<\/span><\/span><\/p>\n<\/td>\n<\/tr>\n<\/tbody>\n<\/table>\n<p>&nbsp;<\/p>\n<p>&nbsp;<\/p>\n<p>&nbsp;<\/p>\n<div id=\"adhe\">Pour toute demande d&rsquo;adh\u00e9sion, veuillez t\u00e9l\u00e9charger le formulaire ci-dessous:<br \/>\n<a href=\"http:\/\/fiep-ifpe.org\/wp-content\/uploads\/2017\/06\/adhesion-1.pdf\" target=\"_blank\" rel=\"attachment wp-att-37 noopener noreferrer\">Adhesion.pdf<\/a> <a href=\"http:\/\/fiep-ifpe.org\/wp-content\/uploads\/2017\/06\/adhesion-1.docx\" target=\"_blank\" rel=\"noopener noreferrer\">Adhesion.doc<\/a><\/div>\n","protected":false},"excerpt":{"rendered":"<p>La FIEP s\u2019est r\u00e9unie en Assembl\u00e9e G\u00e9n\u00e9rale \u00e0 S\u00e8vres les 25 et 26 novembre 2022 et a proc\u00e9d\u00e9 \u00e0 l\u2019\u00e9lection de son Conseil d\u2019Administration et de son Bureau. Les communications relatives \u00e0 ces \u00e9lections seront publi\u00e9es ult\u00e9rieurement, lors de la r\u00e9actualisation de son site. Qu\u2019est-ce que la FIEP&nbsp;? What is IFPE? Fond\u00e9e \u00e0 S\u00e8vres (France)\u2026 <span class=\"read-more\"><a href=\"https:\/\/fiep-ifpe.org\/\">Lire la suite &raquo;<\/a><\/span><\/p>\n","protected":false},"author":1,"featured_media":0,"parent":0,"menu_order":0,"comment_status":"closed","ping_status":"closed","template":"","meta":[],"_links":{"self":[{"href":"https:\/\/fiep-ifpe.org\/index.php\/wp-json\/wp\/v2\/pages\/7"}],"collection":[{"href":"https:\/\/fiep-ifpe.org\/index.php\/wp-json\/wp\/v2\/pages"}],"about":[{"href":"https:\/\/fiep-ifpe.org\/index.php\/wp-json\/wp\/v2\/types\/page"}],"author":[{"embeddable":true,"href":"https:\/\/fiep-ifpe.org\/index.php\/wp-json\/wp\/v2\/users\/1"}],"replies":[{"embeddable":true,"href":"https:\/\/fiep-ifpe.org\/index.php\/wp-json\/wp\/v2\/comments?post=7"}],"version-history":[{"count":19,"href":"https:\/\/fiep-ifpe.org\/index.php\/wp-json\/wp\/v2\/pages\/7\/revisions"}],"predecessor-version":[{"id":377,"href":"https:\/\/fiep-ifpe.org\/index.php\/wp-json\/wp\/v2\/pages\/7\/revisions\/377"}],"wp:attachment":[{"href":"https:\/\/fiep-ifpe.org\/index.php\/wp-json\/wp\/v2\/media?parent=7"}],"curies":[{"name":"wp","href":"https:\/\/api.w.org\/{rel}","templated":true}]}}

<p style="color: #16a2e7;" text-align="justify;"><em>La FIEP s’est réunie en Assemblée Générale à Sèvres les 25 et 26 novembre 2022 et a procédé à l’élection de son Conseil d’Administration et de son Bureau.</em></strong><br />
<em>Les communications relatives à ces élections seront publiées ultérieurement, lors de la réactualisation de son site.</em></strong></p>
<table width="604" cellspacing="0" cellpadding="7">
<colgroup>
<col width="287">
<col width="287"> </colgroup>
<tbody>
<tr valign="top">
<td bgcolor="#ffffff" width="287">
<p class="western"><span style="color: #000000;"><b>Qu’est-ce que la FIEP&nbsp;?</b></span></p>
</td>
<td bgcolor="#ffffff" width="287">
<p class="western"><span style="color: #000000;"><span lang="en-GB"><b>What is IFPE? </b></span></span></p>
</td>
</tr>
<tr valign="top">
<td bgcolor="#ffffff" width="287">
<p class="western" style="text-align: justify;"><span style="color: #000000;">Fondée à Sèvres (France) le 24 avril 1964, par Monsieur André ISAMBERT, le Docteur BERGE, le Professeur KLINEBERG sous l’appellation Fédération Internationale des Ecoles de Parents et d&rsquo;éducateurs elle choisira sous l’impulsion de Monsieur Jean AUBA de s’appeler ensuite Fédération Internationale pour l&rsquo;Education des Parents, en conservant son logo d’origine FIEP.<br />
</span></p>
<p class="western" style="text-align: justify;"><span style="color: #000000;">C’est une Organisation Internationale Non Gouvernementale (OING), libre de tout lien politique, racial ou confessionnel.<br />
</span></p>
<p class="western" style="text-align: justify;"><span style="color: #000000;">Elle souhaite maintenir des relations opérationnelles avec l’Organisation des Nations Unies pour l’Education, la Science et la Culture (UNESCO), son statut participatif auprès du Conseil de l’Europe, ainsi que son statut Consultatif auprès de l’UNICEF, du Conseil Economique et Social de l’Organisation des Nations Unies (ECOSOC), et enfin rester membre de l’Organisation Internationale de la Francophonie (OIF) et de l’Organisation non gouvernementale (ONG) Committee on the Familly (Autriche).<br />
</span></p>
<p class="western" style="text-align: justify;"><span style="color: #000000;">Elle est membre du comité de pilotage d’un Collectif Agir Ensemble pour les Droits de l’Enfant (AEDE) qui regroupe près d’une soixantaine d’organisations de la société civile travaillant dans tous les domaines de l’enfance et de la famille.<br />
</span></p>
<p class="western" style="text-align: justify;"><span style="color: #000000;">Se voulant être un carrefour de recherches, d’études, d’échanges, dans tout ce qui touche l’accompagnement des parents et des éducateurs dans leur mission éducative, elle souhaite fédérer des associations, des organisations et des membres individuels de différents pays ayant les mêmes objectifs.&nbsp;</span></p>
</td>
<td bgcolor="#ffffff" width="287">
<p class="western" style="text-align: justify;"><span style="color: #000000;"><span lang="en-GB">Founded in Sèvres (France) on April 24</span><sup><span lang="en-GB">th</span></sup><span lang="en-GB"> 1964, by Mr André ISAMBERT, Dr BERGE, and Professor KLINEBERG under the name International Federation of Schools of Parents and Educators, it later chose at the instigation of Mr Jean AUBA to be called The International Federation for Parenting Education, retaining its original FIEP logo.</span></span></p>
<p class="western" style="text-align: justify;"><span style="color: #000000;"><span lang="en-GB">It is an International Non-Governmental Organisation (NGO), free from any political, racial or religious link.</span></span></p>
<p class="western" style="text-align: justify;"><span style="color: #000000;"><span lang="en-GB">It maintains operational relations with the United Nations Educational, Scientific and Cultural Organization (UNESCO), participatory status with the Council of Europe and consultative status with UNICEF; with the Economic and Social Council of the United Nations (ECOSOC), and finally, it remains a member of the International Francophone Organisation (OIF) and the non-governmental organization, Committee on the Family (Austria).</span></span></p>
<p class="western" style="text-align: justify;"><span style="color: #000000;"><span lang="en-GB">IFPE is a member of the steering committee of a Collective, Act Together for the Rights of the Child (ATRC) which brings together some sixty civil society organisations working in all fields of childhood and family.</span></span></p>
<p class="western" style="text-align: justify;"><span style="color: #000000;"><span lang="en-GB">Aiming to be a crossroads of research, study and exchange in all that concerns the support of parents and parenting educators in their educational mission, it wishes to bring together associations, organisations and individual members in different countries with the same targets. </span></span></p>
</td>
</tr>
<tr valign="top">
<td bgcolor="#ffffff" width="287">
<p class="western"><span style="color: #000000;"><b>Comment fonctionne-t-elle ?</b></span></p>
</td>
<td bgcolor="#ffffff" width="287">
<p class="western"><span style="color: #000000;"><span lang="en-GB"><b>How does it work?</b></span></span></p>
</td>
</tr>
<tr valign="top">
<td bgcolor="#ffffff" width="287">
<p class="western" style="text-align: justify;"><span style="color: #000000;">Un règlement intérieur adopté en 2013 a permis d’assouplir son fonctionnement interne bloqué par des statuts qui, datant de 1965, grippaient souvent les rouages d’une vie associative en quête de dynamisme et de visibilité. Ces statuts et règlement intérieur pourront être consultés sur le site FIEP dès la fin de sa restructuration et de sa rénovation.</span></p>
</td>
<td bgcolor="#ffffff" width="287">
<p class="western" style="text-align: justify;"><span style="color: #000000;"><span lang="en-GB">Internal rules adopted in 2013 made it possible to create a more flexible the internal structure, which had been hampered by statutes dating back to 1965; these often slowed the wheels of an organisation in search of dynamism and visibility. These statutes and rules may be consulted on the FIEP website when the restructuring and renovation is complete.</span></span></p>
</td>
</tr>
<tr valign="top">
<td bgcolor="#ffffff" width="287">
<p class="western"><span style="color: #000000;"><b>Comment y adhérer ?</b>&nbsp;</span></p>
</td>
<td bgcolor="#ffffff" width="287">
<p class="western"><span style="color: #000000;"><span lang="en-GB"><b>How to join?</b></span></span></p>
</td>
</tr>
<tr valign="top">
<td bgcolor="#ffffff" width="287">
<p class="western" style="text-align: justify;"><span style="color: #000000;">Pour les personnes physiques, par le versement d’une cotisation annuelle de 30 euros.</span><br />
<span style="color: #000000;"> Pour les personnes morales, par le versement d’une cotisation annuelle de 100 euros.</span><br />
<span style="color: #000000;"> Pour les étudiants, par le versement d’une cotisation annuelle de 15 euros.</span></p>
</td>
<td bgcolor="#ffffff" width="287">
<p class="western" style="text-align: justify;"><span style="color: #000000;"><span lang="en-GB">For individuals, on payment of an annual subscription of 30 Euros.</span></span></p>
<p class="western" style="text-align: justify;"><span style="color: #000000;"><span lang="en-GB">For legal entities on payment of an annual subscription of 100 Euros,</span></span></p>
<p class="western" style="text-align: justify;"><span style="color: #000000;"><span lang="en-GB">For students on receipt of an annual subscription, currently 15 Euros.</span></span></p>
</td>
</tr>
</tbody>
</table>
<p>&nbsp;</p>
<p>&nbsp;</p>
<p>&nbsp;</p>
<div id="adhe">Pour toute demande d&rsquo;adhésion, veuillez télécharger le formulaire ci-dessous:<br />
<a href="http://fiep-ifpe.org/wp-content/uploads/2017/06/adhesion-1.pdf" target="_blank" rel="attachment wp-att-37 noopener noreferrer">Adhesion.pdf</a> <a href="http://fiep-ifpe.org/wp-content/uploads/2017/06/adhesion-1.docx" target="_blank" rel="noopener noreferrer">Adhesion.doc</a></div>

<p>La FIEP s’est réunie en Assemblée Générale à Sèvres les 25 et 26 novembre 2022 et a procédé à l’élection de son Conseil d’Administration et de son Bureau. Les communications relatives à ces élections seront publiées ultérieurement, lors de la réactualisation de son site. Qu’est-ce que la FIEP&nbsp;? What is IFPE? Fondée à Sèvres (France)… <span class="read-more"><a href="https://fiep-ifpe.org/">Lire la suite &raquo;</a></span></p>
